{"id":16,"date":"2012-11-17T01:08:24","date_gmt":"2012-11-16T23:08:24","guid":{"rendered":"http:\/\/www.haus-ambiente.com\/wordpress\/?page_id=16"},"modified":"2020-05-03T18:52:58","modified_gmt":"2020-05-03T16:52:58","slug":"dittishausen","status":"publish","type":"page","link":"https:\/\/www.haus-ambiente.com\/?page_id=16","title":{"rendered":"Dittishausen"},"content":{"rendered":"<p><span style=\"color: #494b36; font-family: Georgia; font-size: small;\">Dittishausen bietet seinen G\u00e4sten seit fast 50 Jahren alles, was Sie f\u00fcr einen Schwarzwaldurlaub ben\u00f6tigen. Eine gro\u00dfe Anzahl Ferienh\u00e4user und \u2013wohnungen bieten den Urlaubern \u00dcbernachtungsm\u00f6glichkeiten in allen Ausstattungsvarianten.<\/span><\/p>\n<p><span style=\"color: #494b36; font-family: Georgia; font-size: small;\">Eine Gastst\u00e4tte, mehrere Einzelhandelsgesch\u00e4fte und B\u00e4ckereien im benachbarten L\u00f6ffingen, diverse weitere Gesch\u00e4fte und ein Br\u00f6tchenlieferservice eines heimischen B\u00e4ckers decken Ihren t\u00e4glichen Bedarf ab.<\/span><\/p>\n<p><span style=\"color: #494b36; font-family: Georgia; font-size: small;\">Sie erreichen Freibad, Hallenbad, Skilift usw. in wenigen Minuten. Touristische Ziele wie die fast 500 Jahre alte\u00a0<a href=\"http:\/\/www.weiler-kapelle.de\/\" target=\"_blank\" rel=\"noopener\">Weilerkapelle<\/a>\u00a0\u00a0oder das alte Pumphaus sind ebenfalls zu Fu\u00df zu erreichen.<\/span><\/p>\n","protected":false},"excerpt":{"rendered":"<p>Dittishausen bietet seinen G\u00e4sten seit fast 50 Jahren alles, was Sie f\u00fcr einen Schwarzwaldurlaub ben\u00f6tigen. Eine gro\u00dfe Anzahl Ferienh\u00e4user und \u2013wohnungen bieten den Urlaubern \u00dcbernachtungsm\u00f6glichkeiten in allen Ausstattungsvarianten. Eine Gastst\u00e4tte, mehrere Einzelhandelsgesch\u00e4fte und B\u00e4ckereien im benachbarten L\u00f6ffingen, diverse weitere Gesch\u00e4fte und ein Br\u00f6tchenlieferservice eines heimischen B\u00e4ckers decken Ihren t\u00e4glichen Bedarf ab. Sie erreichen Freibad, Hallenbad, [&hellip;]<\/p>\n","protected":false},"author":1,"featured_media":225,"parent":0,"menu_order":2,"comment_status":"closed","ping_status":"closed","template":"","meta":{"footnotes":""},"class_list":["post-16","page","type-page","status-publish","has-post-thumbnail","hentry"],"_links":{"self":[{"href":"https:\/\/www.haus-ambiente.com\/index.php?rest_route=\/wp\/v2\/pages\/16","targetHints":{"allow":["GET"]}}],"collection":[{"href":"https:\/\/www.haus-ambiente.com\/index.php?rest_route=\/wp\/v2\/pages"}],"about":[{"href":"https:\/\/www.haus-ambiente.com\/index.php?rest_route=\/wp\/v2\/types\/page"}],"author":[{"embeddable":true,"href":"https:\/\/www.haus-ambiente.com\/index.php?rest_route=\/wp\/v2\/users\/1"}],"replies":[{"embeddable":true,"href":"https:\/\/www.haus-ambiente.com\/index.php?rest_route=%2Fwp%2Fv2%2Fcomments&post=16"}],"version-history":[{"count":11,"href":"https:\/\/www.haus-ambiente.com\/index.php?rest_route=\/wp\/v2\/pages\/16\/revisions"}],"predecessor-version":[{"id":286,"href":"https:\/\/www.haus-ambiente.com\/index.php?rest_route=\/wp\/v2\/pages\/16\/revisions\/286"}],"wp:featuredmedia":[{"embeddable":true,"href":"https:\/\/www.haus-ambiente.com\/index.php?rest_route=\/wp\/v2\/media\/225"}],"wp:attachment":[{"href":"https:\/\/www.haus-ambiente.com\/index.php?rest_route=%2Fwp%2Fv2%2Fmedia&parent=16"}],"curies":[{"name":"wp","href":"https:\/\/api.w.org\/{rel}","templated":true}]}}